ivisor of 760 and 1273?
19
What is the greatest common divisor of 624 and 96?
48
What is the greatest common factor of 7812 and 84?
84
Calculate the greatest common factor of 1022 and 56.
14
Calculate the greatest common divisor of 40 and 1620.
20
What is the greatest common divisor of 5994 and 555?
111
What is the highest common factor of 54 and 7209?
27
Calculate the highest common divisor of 451 and 77.
11
What is the highest common factor of 320 and 10?
10
Calculate the greatest common divisor of 540 and 960.
60
What is the highest common factor of 264 and 72?
24
What is the highest common factor of 1701 and 504?
63
Calculate the greatest common factor of 46 and 8257.
23
Calculate the highest common divisor of 77 and 539.
77
What is the highest common factor of 414 and 234?
18
What is the highest common factor of 216 and 504?
72
Calculate the greatest common divisor of 102 and 3842.
34
What is the greatest common divisor of 6375 and 102?
51
Calculate the highest common factor of 54 and 8.
2
Calculate the greatest common factor of 96 and 1856.
32
What is the greatest common factor of 4 and 14052?
4
What is the highest common divisor of 2668 and 92?
92
What is the highest common factor of 225 and 2475?
225
What is the highest common factor of 198 and 189?
9
What is the highest common factor of 336 and 1932?
84
What is the greatest common factor of 9 and 576?
9
Calculate the highest common factor of 9936 and 27.
27
Calculate the greatest common factor of 56370 and 30.
30
What is the greatest common divisor of 32 and 1072?
16
Calculate the greatest common divisor of 2 and 52.
2
What is the greatest common factor of 300 and 250?
50
Calculate the greatest common divisor of 3 and 2.
1
Calculate the highest common divisor of 3537 and 81.
27
What is the highest common divisor of 468 and 72?
36
Calculate the highest common factor of 549 and 305.
61
What is the highest common divisor of 315 and 35?
35
Calculate the highest common factor of 92 and 9223.
23
What is the greatest common divisor of 58 and 1073?
29
What is the highest common divisor of 162 and 891?
81
What is the highest common divisor of 1775 and 71?
71
What is the highest common divisor of 16 and 149?
1
Calculate the highest common factor of 188 and 47.
47
Calculate the highest common factor of 2385 and 2790.
45
What is the highest common factor of 103 and 1236?
103
What is the highest common divisor of 545 and 7957?
109
Calculate the greatest common divisor of 78 and 741.
39
Calculate the greatest common factor of 52 and 884.
52
What is the highest common divisor of 49 and 784?
49
Calculate the highest common factor of 384 and 678.
6
Calculate the greatest common factor of 159 and 9.
3
Calculate the greatest common divisor of 5 and 4.
1
What is the greatest common factor of 130 and 715?
65
What is the highest common factor of 44 and 24156?
44
What is the greatest common divisor of 2709 and 252?
63
What is the greatest common divisor of 150 and 1550?
50
What is the highest common divisor of 71 and 71?
71
What is the greatest common divisor of 1254 and 264?
66
Calculate the highest common factor of 35 and 595.
35
Calculate the highest common factor of 37 and 111.
37
What is the highest common factor of 40 and 440?
40
Calculate the greatest common factor of 2211 and 33.
33
What is the highest common divisor of 1956 and 108?
12
What is the highest common factor of 2 and 2374?
2
Calculate the highest common factor of 216 and 9.
9
What is the highest common factor of 3703 and 115?
23
What is the highest common divisor of 23 and 6969?
23
Calculate the greatest common factor of 10 and 425.
5
Calculate the highest common divisor of 1 and 53.
1
Calculate the highest common factor of 3 and 8.
1
What is the highest common divisor of 2952 and 82?
82
What is the greatest common factor of 166 and 1245?
83
Calculate the highest common factor of 696 and 35148.
348
Calculate the highest common divisor of 5720 and 660.
220
What is the highest common factor of 184 and 437?
23
What is the greatest common divisor of 12 and 28?
4
What is the highest common divisor of 381 and 3?
3
What is the greatest common factor of 8 and 324?
4
What is the highest common divisor of 1688 and 3165?
211
What is the highest common divisor of 10736 and 122?
122
Calculate the highest common divisor of 4459 and 364.
91
Calculate the greatest common divisor of 742 and 280.
14
What is the highest common divisor of 79644 and 12?
12
Calculate the greatest common factor of 260 and 1105.
65
Calculate the highest common divisor of 1656 and 72.
72
What is the greatest common factor of 6 and 42?
6
Calculate the greatest common factor of 740 and 10.
10
Calculate the greatest common factor of 179 and 13.
1
What is the highest common divisor of 30 and 78?
6
What is the highest common factor of 12 and 76?
4
What is the greatest common divisor of 196 and 490?
98
What is the greatest common divisor of 3 and 60?
3
Calculate the greatest common divisor of 5792 and 16.
16
What is the highest common factor of 41 and 1271?
41
Calculate the greatest common divisor of 990 and 1782.
198
Calculate the highest common divisor of 19 and 779.
19
What is the highest common divisor of 6 and 2550?
6
Calculate the highest common factor of 327 and 109.
109
What is the greatest common divisor of 80 and 5270?
10
Calculate the highest common divisor of 45 and 15.
15
Calculate the greatest common divisor of 6422 and 1690.
338
Calculate the highest common factor of 1040 and 6864.
208
What is the greatest common factor of 428 and 52?
4
What is the highest common divisor of 148 and 8954?
74
What is the highest common factor of 149 and 15645?
149
Calculate the highest common factor of 2 and 235.
1
What is the greatest common divisor of 33104 and 16?
16
Calculate the greatest common factor of 148 and 3034.
74
What is the greatest common divisor of 25 and 600?
25
Calculate the greatest common divisor of 65 and 715.
65
Calculate the greatest common factor of 15 and 10.
5
What is the highest common divisor of 504 and 288?
72
What is the highest common factor of 70 and 490?
70
What is the greatest common divisor of 33 and 110?
11
Calculate the highest common factor of 72 and 15384.
24
Calculate the highest common divisor of 288 and 640.
32
What is the highest common divisor of 286 and 6435?
143
Calculate the greatest common factor of 28 and 5432.
28
What is the greatest common factor of 1045 and 550?
55
Calculate the greatest common factor of 9 and 27.
9
What is the highest common factor of 372 and 341?
31
What is the highest common divisor of 1679 and 511?
73
What is the highest common factor of 152 and 19?
19
What is the greatest common factor of 1702 and 74?
74
What is the greatest common factor of 104 and 7800?
104
What is the greatest common divisor of 44 and 704?
44
What is the highest common factor of 42 and 672?
42
What is the highest common divisor of 258 and 5289?
129
What is the highest common factor of 98 and 826?
14
Calculate the greatest common divisor of 17767 and 489.
163
Calculate the highest common factor of 7282 and 55.
11
What is the greatest common factor of 336 and 2856?
168
Calculate the greatest common divisor of 20 and 110.
10
Calculate the greatest common divisor of 68 and 5338.
34
Calculate the highest common divisor of 4230 and 8.
2
What is the greatest common factor of 594 and 54?
54
Calculate the highest common divisor of 12 and 12.
12
What is the highest common divisor of 90 and 108?
18
Calculate the greatest common divisor of 93928 and 236.
236
What is the highest common divisor of 2895 and 15?
15
What is the greatest common factor of 85 and 95?
5
Calculate the greatest common divisor of 171 and 76.
19
Calculate the highest common divisor of 8 and 6712.
8
Calculate the greatest common factor of 583 and 22.
11
Calculate the greatest common factor of 28 and 378.
14
Calculate the greatest common factor of 11581 and 37.
37
What is the highest common divisor of 14 and 2?
2
Calculate the highest common factor of 13 and 41.
1
Calculate the greatest common factor of 665 and 35.
35
What is the greatest common divisor of 6148 and 848?
212
Calculate the highest common factor of 37 and 148.
37
What is the greatest common divisor of 13 and 1?
1
Calcula